. Suppose -2*p = 3*p - 15. Suppose p*d + 5 = -4. List the prime factors of m(d).
2, 3
Let z(x) = 7*x**2 + 2*x + 2. Let g be z(-1). Let m(n) = 11*n - 3. Let o be m(g). Let w = o + -45. What are the prime factors of w?
29
Suppose 16 + 60 = 4*p. Let h = p - -68. List the prime factors of h.
3, 29
Suppose -3*s - 133 = -2*k, -3*k - 5*s + s + 157 = 0. Suppose y + u = k, 0 = 2*u + 12 - 4. What are the prime factors of y?
3, 7
Suppose -5*c + 35 = 5*w, -1 = -4*w + 5*c - 0. Suppose w*l - 3 = 1, -4*r + 5 = 5*l. Suppose -165 = -5*q + 2*p, r = 3*p + p - 20. List the prime factors of q.
5, 7
Let y(d) = 4*d**2 - 21*d + 21. What are the prime factors of y(-11)?
2, 23
Suppose -19*d + 15*d = -16. Suppose -d*l = -0*l + 2*z - 220, -4*z - 165 = -3*l. What are the prime factors of l?
5, 11
Let w(l) be the first derivative of -3 + 8*l + 3*l**2 + 2/3*l**3. What are the prime factors of w(-6)?
2, 11
Let g be 555/(-10)*10/3. Let l = g - -360. Suppose -540 + l = -5*q. What are the prime factors of q?
73
Let a(r) = -16*r + 55. What are the prime factors of a(-27)?
487
Let m = 28 - 8. Let j = m - 16. Suppose -24 = -3*d + j*x, 2*d - 5*x + 3 = d. What are the prime factors of d?
2, 3
Let p(k) = 36*k**2 + 56*k - 20. Let t(w) = -7*w**2 - 11*w + 4. Let i(n) = -3*p(n) - 16*t(n). List the prime factors of i(-6).
2, 23
Suppose 3*o + 3*a = 57, o = 2*a - 6 + 37. What are the prime factors of o?
23
Let w(a) = 70*a**2 + 13*a + 1. Let r be w(5). Suppose -14*p = -1124 - r. What are the prime factors of p?
2, 3, 5, 7
Let u = 31 + -27. Suppose 2*z = -9*h + u*h + 73, -3*h + 42 = 3*z. List the prime factors of h.
3, 5
Let o(a) = -174*a - 1. Suppose 6*t = 2 - 8. List the prime factors of o(t).
173
Let w(k) = 12*k - 35. Let a be w(-12). Let p = -94 - a. List the prime factors of p.
5, 17
Suppose 3*y + 157 = 4*t, -3*y + 100 + 103 = 5*t. Let u = -26 + t. What are the prime factors of u?
2, 7
Let u be ((-23)/(690/(-108)))/(4/10). Let v(a) = a**3 - 14*a**2 + a + 6. Let m(q) = q**2 + q. Let r(s) = -4*m(s) - v(s). What are the prime factors of r(u)?
2, 3, 5
Let k = 6 + -5. Let n be 0/(k + (-1 - 1)). List the prime factors of n + 3 + -1 + 31.
3, 11
List the prime factors of -2*(-5 + 7 + -4) - -11.
3, 5
Let n be (-390 - (-4)/((-8)/(-6)))*-1. Suppose -n = -6*o + 21. List the prime factors of o.
2, 17
List the prime factors of -3 - ((-5267 - -3 - 8) + 4).
3, 5, 13
Suppose l + 0*l - 72 = 0. Let z = 31 + -28. Suppose z*h + 0*h = l. List the prime factors of h.
2, 3
Suppose 3*k - 21 - 3 = -5*q, -k + 5*q - 12 = 0. Suppose 2*w + 1280 = 4*y, 2*y + 4*w - 1587 = -k*y. What are the prime factors of y?
11, 29
Let w be (7 - 6)/((-1)/5). Let p be (-3)/w + 24/10. Suppose 2*h + 166 = 4*x, -3*h - 55 = -p*x + 65. What are the prime factors of x?
43
Let z = 417 + -289. Suppose -4*x - z = -5*l + 8, 0 = 2*l - 3*x - 60. List the prime factors of l.
2, 3
Let w be 6/4 - 18/12. Suppose w = -3*t + 9 - 0. List the prime factors of t - (-1 - 10 - 0).
2, 7
Let v(x) = x**3 - 4*x**2 - 61*x - 12. List the prime factors of v(13).
2, 179
Suppose -9 + 21 = -3*v, -5*f + 4*v = 14. List the prime factors of 6/(f/(-27)*3).
3
Let r be ((-976)/(-24))/((-5)/(-3) + -1). Suppose -5*b = 4*m - r, 2*m = 3*b - 24 + 5. List the prime factors of b.
3
Let i be 40/12 + (-16)/12. What are the prime factors of (-36)/6*(-9)/i?
3
Let l be (-96)/(-80) + 456/20. Let s be 15 - (-1 - 1)/1. Let y = l + s. What are the prime factors of y?
41
Let x(a) = -1. Let z(m) = -3*m - 2. Let w(r) = 4*x(r) - z(r). Suppose 0 = 5*q - 20, 3*t - 1 = 5*q - 0. What are the prime factors of w(t)?
19
Let h(a) = 2*a**3 - 2*a**2 - 8*a + 8. Let c be h(4). List the prime factors of -2 + 0 + (c - -2 - -5).
7, 11
Suppose 2*z - 100 + 748 = 0. Let f = -225 - z. List the prime factors of f.
3, 11
List the prime factors of (-34)/187 + (-6318)/(-22).
7, 41
Suppose 2*n + 4*y - 388 = 0, n + n = 3*y + 381. Let u = -104 + n. What are the prime factors of u?
2, 11
Let j(g) = -g**2 - 7*g + 12. Let d be j(-8). Suppose 450 = 3*s + 3*i, -2*i = -d*s + 265 + 347. List the prime factors of s.
2, 19
Let b(w) = 113*w - 346. What are the prime factors of b(4)?
2, 53
Suppose 3*t = 4*c - 964, 66 + 175 = c + 5*t. Suppose 4*v = -21 + c. What are the prime factors of v?
5, 11
Suppose -4 = -5*f + 4*q + 12, -5*f = -2*q - 18. Suppose -2*o = f + 2. List the prime factors of 1/3 - 47/o.
2
List the prime factors of ((-254)/(-7))/((-42)/(-294)).
2, 127
Let z(o) = -4*o - 6. Let j be z(-4). Let y(g) = -j*g + 3*g**2 + 0*g**2 - g**2. What are the prime factors of y(7)?
2, 7
Suppose -m + 387 = p, 0 = -4*m - 9 - 11. What are the prime factors of (-9)/(-2)*p/42?
2, 3, 7
Let w(g) = 2*g + 25. Let t be w(-18). Let y be 30/(-165) + (-1157)/t. Suppose 5*m = 115 + y. List the prime factors of m.
2, 11
Suppose -267 = -5*g + 158. Suppose -5*j + 350 = g. What are the prime factors of j?
53
Let m(z) = z**3 - 3*z**2 + z + 1. Let s be m(3). Let w = -119 - -214. Suppose 5*d + w = 3*x, 2*x - s*d + 100 = 4*x. What are the prime factors of x?
2, 5
Let n be 8/(-16) - (-17)/2. Let q(h) = -h**3 + 6*h**2 + 18*h + 5. What are the prime factors of q(n)?
3, 7
Suppose -7*y + 4*y - 384 = -3*p, -5*p - 620 = 5*y. Let r = y - -371. List the prime factors of r.
5, 7
Let f = -39 + 471. List the prime factors of f.
2, 3
Let m = -253 + 3830. List the prime factors of m.
7, 73
Suppose 0 = -5*b + 2*b + 2*v + 487, -b - 3*v = -144. Let d = b + -82. What are the prime factors of d?
7, 11
Let z be (-84)/(-63)*3/2. Let b be -2*(-4 + z)/2. Suppose b*j - 79 + 17 = 0. What are the prime factors of j?
31
Let x = 7552 + -2992. What are the prime factors of x?
2, 3, 5, 19
Suppose 6*r + 609 = -r. Let p = r - -92. What are the prime factors of p?
5
Suppose 2*l - 6 = 0, 0*t - t - 4*l = -14. Suppose a = -t*a. Suppose -y = -5*w - 32, 68 = y + 4*w - a. What are the prime factors of y?
2, 13
Let g(q) = 8*q**2 - 3*q - 57. Let n be g(-7). Suppose -6*z = -4*z - 8, 0 = -4*h - z + n. What are the prime factors of h?
2, 11
List the prime factors of (2 + 22 + 0)*(-480)/(-72).
2, 5
Let x(n) = 17*n**2 - 12*n + 4. Let v be x(3). Suppose v - 3 = 2*y + 2*u, 2*u = 2*y - 122. What are the prime factors of y?
2, 3, 5
Let i(s) = -1 - 1 + 11*s**2 - 6*s**3 + 7*s + 5*s**3 + 3*s. List the prime factors of i(11).
2, 3
Let l(j) = 2*j**2 - 1. Let k(d) be the second derivative of -5*d**4/6 + 3*d**2 - 7*d. Let w(z) = -3*k(z) - 14*l(z). List the prime factors of w(-2).
2
List the prime factors of (-6 - -8) + (875 - 2).
5, 7
Let s(l) = 206*l**3 + l**2. What are the prime factors of s(1)?
3, 23
Suppose 520 = 4*b + 4*l, 5*l = -3*b + 5*b - 260. Suppose -9*z + b = z. What are the prime factors of z?
13
Let a(q) = 3*q**2 + 22. Let f be a(-9). Suppose 0 = -7*k + 2*k + f. List the prime factors of k.
53
Suppose 3*b + 9 - 6 = 0. List the prime factors of (-2)/b + -17 + 215.
2, 5
Suppose -2*y + 229 = -373. Suppose 5*u + 3*k - 297 = 0, -5*u + 0*u = -k - y. List the prime factors of u.
2, 3, 5
Let m(q) = q**3 - 10*q**2 + 27*q + 21. What are the prime factors of m(13)?
3, 293
Let w(n) = n**3 - 10*n**2 + 2*n - 14. Let r be w(10). What are the prime factors of 6/r - (23*-5 + 0)?
2, 29
Suppose 13*i + 15905 = 4205. List the prime factors of i/(-3)*(-6)/(-15).
2, 3, 5
Let i = 5277 + -2728. What are the prime factors of i?
2549
Suppose -3*q + 25 = 2*q, 2*r - 3*q + 5 = 0. Suppose r*g = -3*u + 879, 5*g + 5*u - 294 = 591. What are the prime factors of g?
2, 3, 29
Let o = 611 - 70. List the prime factors of o.
541
Let d be (-1 - 1 - -1)*0. Suppose d = -5*l + k - 337, -4*k = -2*l + l - 75. Let b = -13 - l. List the prime factors of b.
2, 3
Let b = 59 - 61. Suppose 2*x - 7 = 4*u - 3*x, -5*x = -5*u - 15. What are the prime factors of -7 + 47 - u/b?
2, 3
Let y = -1378 - -2074. What are the prime factors of y?
2, 3, 29
Let d = 412 - 245. What are the prime factors of d?
167
Suppose -4*f + 2 = 3*j, -6 = -2*j + 5*f - 3*f. Let d be (-115)/20*(-8)/2. What are the prime factors of ((1 - 2) + d)/j?
11
Let w(a) = a**3 - a**2 + 2596. List the prime factors of w(0).
2, 11, 59
Let l be (24 + -4)/(2/(-4)). Let s = l + 129. List the prime factors of s.
89
Suppose 12*l - 3 = 11*l. Suppose 5*y = -l*p + 29, 15 = 5*y - 2*p + 1. Suppose -2*t + 65 = a, -y*t = 2*a - 4*a - 142. List the prime factors of t.
2, 17
Suppose -5*y - 4*q + 30 = -9*q